) = f - 4. Let y be t(-11). Let x = -13 - y. What is the greatest common factor of x and 18?
2
Let z be (0 - -15)*(-152)/(-114). What is the greatest common divisor of 40 and z?
20
Suppose -1056 - 789 = -15*t. What is the highest common divisor of t and 2337?
123
Let m = 205 + -183. Let b = -10 - -13. Suppose v - b*v = -88. Calculate the greatest common divisor of m and v.
22
Suppose -2*m + 682 = 4*t - 634, -3*m + t = -1953. What is the greatest common factor of 4 and m?
4
Let a(r) = -r**3 + 6*r**2 - 3*r + 2. Suppose -5*h + 21 = 1. Let l be a(h). What is the highest common divisor of l and 66?
22
Let h(n) = 2*n - 42. Let d be h(22). Suppose 5*w = 5*b - 10, d*w + b + 0 = 8. What is the highest common factor of 12 and w?
2
Let s be (5 - (3 - -8)) + 46. What is the highest common divisor of s and 2920?
40
Let y be (-447)/(-12) - 2/8. Suppose 42*m = y*m + 160. Let v = 22 - 14. What is the highest common factor of v and m?
8
Suppose 2*y - 14 - 4 = p, -3*p + 10 = 2*y. Let a(q) = -q**2 + 10*q - 8. Let m be a(y). Calculate the highest common factor of m and 8.
8
Let p(k) = -31*k - 1. Let g be p(-7). Let c(n) = -2*n + 1. Let y be c(-3). Let x be 18/y*196/21. Calculate the greatest common divisor of x and g.
24
Let z = 16 + -15. Let b be (0/(-4))/(z + 1). Suppose s - 3 = b, 0*a - 3 = 3*a - 3*s. What is the greatest common divisor of a and 5?
1
Suppose 40*z = 31*z + 18. Let m(j) = -2*j**2 + 4 + 9*j - 4*j + 4*j**2. Let y be m(-4). Calculate the greatest common divisor of y and z.
2
Let w be (-1 - 0)*(4 - 4). Let u be (14/(-3) + w)*-3. Suppose 3*y + 5*r - 14 - 76 = 0, -4*y + 5*r + 155 = 0. Calculate the greatest common divisor of u and y.
7
Let y(f) = f**2 - 6*f + 2. Let r be y(7). Let a(w) = -2*w**2 - 17*w - 6. Let v be a(-5). Let o = v - -7. What is the highest common factor of r and o?
9
Suppose h - 20 = 5*p, -2*h = -2*p - 2*p - 46. What is the greatest common factor of h and 725?
25
Let d be (-4)/40 + 1111/10. What is the greatest common factor of d and 3?
3
Let g(q) = 40*q + 34. Let p be g(14). What is the highest common divisor of p and 66?
66
Suppose 14 - 2 = 2*z. Suppose -167 = -2*r + 7*n, 3*r + 23*n - 193 = 22*n. What is the greatest common divisor of r and z?
6
Let l(u) = u**2 + 9*u - 11. Let j be l(-12). Suppose -5*d = -3*q - 156 + 821, 0 = -5*q + d + 1123. What is the greatest common divisor of j and q?
25
Let i(y) = -y + 198. Let r be i(-39). What is the greatest common factor of 79 and r?
79
Suppose -4*f = 5*x - 176 + 61, 0 = 5*f + 5*x - 145. Let j be 15/(-10) - f/(-4). Let q be (2*2)/2*1. Calculate the greatest common divisor of q and j.
2
Let l be ((-3)/(-2))/(4/8). Suppose -l*o = -29 - 22. What is the greatest common factor of 17 and o?
17
Suppose 2*s - 968 = -2*s. Suppose 2*n - 4*g = 4*n, -5*n - 2*g = 0. Suppose 5*t + 3*t - 176 = n. Calculate the greatest common factor of t and s.
22
Suppose 398 = 5*v + 3*f, -3*v = f - 285 + 43. What is the highest common factor of v and 2?
2
Suppose 2*g = -2*i + 24, -2*i + 9*g + 21 = 10*g. Calculate the highest common divisor of i and 81.
9
Let s = 297 + 15. Calculate the highest common factor of s and 8.
8
Let u = -38 + 150. Suppose 2*g - 2*y = -7*y + 34, -5*g = -y - u. What is the highest common divisor of g and 33?
11
Let p(o) = 2*o**2 - 4*o + 2. Let c be (-14)/(-1) + (-8 - -9). Suppose -2*h + c = 9. Let u be p(h). What is the highest common divisor of u and 20?
4
Suppose 7*y - 156 = -3*b, 3*y = -10*b + 11*b + 76. What is the highest common divisor of y and 744?
24
Let z = -21 + 25. Suppose z*g - 92 = 44. What is the greatest common factor of g and 51?
17
Let v(f) = 7*f**2 + 5*f + 20. Let t be v(-5). Let k = -70 + t. Calculate the highest common divisor of k and 20.
20
Let v(i) = 76*i**2 + 4. Let w be v(-2). Suppose -t - 8 = -n - n, -8 = 3*t + 2*n. Let c be t/(-14) + 194/7. What is the greatest common divisor of w and c?
28
Let g = 17 - 14. Suppose 0*o = g*o. Let v be (-1 + 23)/2 - o. What is the highest common divisor of v and 11?
11
Let x(w) = -w**3 - 19*w**2 - 35*w - 15. Let v be x(-17). Calculate the highest common factor of v and 116.
2
Let s(x) = 3*x**2 + 25*x - 9. Let n(f) = -f**2 - 8*f + 3. Let j(t) = -11*n(t) - 4*s(t). Let g be j(-8). Calculate the highest common factor of g and 21.
7
Let o = 112 - 81. Calculate the highest common divisor of 31 and o.
31
Let b be (32/6)/(1/(-165)*-5). Let y be (-150)/(-22) + 32/b. Suppose -2*d = -0*d - 42. Calculate the greatest common divisor of y and d.
7
Suppose -j + 13 = d + 3*d, 0 = d + 3. Let o be 5/j - (-108)/10. Calculate the greatest common divisor of 11 and o.
11
Suppose 2*s = 3*s - 216. Suppose 2*g - 47 = q, -g = 4*g + 2*q - 122. What is the highest common factor of s and g?
24
Let y be 4644/10 + (23/5 - 5). Suppose 10*u - y = -14. Calculate the highest common factor of 3 and u.
3
Let i(v) = -8*v + 33. Let n(y) = -12*y + 50. Let g(m) = 7*i(m) - 5*n(m). Let b be g(7). What is the greatest common factor of b and 6?
3
Suppose 0 = -6*t + 272 - 80. What is the greatest common divisor of 80 and t?
16
Let t(d) = d**2 - 11*d + 21. Let i be t(9). Suppose i*j = -2*j + 150. Calculate the greatest common factor of 20 and j.
10
Suppose -4*j + 4 = -12. Suppose -j*h + 4*k + 188 = 0, 2*k + 4 = -2. Calculate the greatest common factor of 44 and h.
44
Let t(s) = s + 3. Let q be t(-6). Let a be q + 1 + (151 - 0). Suppose -3*y + a = 41. What is the highest common divisor of y and 4?
4
Let j(s) = -11*s + 6. Let y be j(-2). Let m = y - 27. Calculate the greatest common factor of m and 1.
1
Let f be (-8)/6 + (-198)/(-27). Let q be -4*((-33)/f - -3). Calculate the highest common factor of q and 20.
10
Let n be (1 - 0)*(-99)/(2 + -3). Let y = n - 55. What is the greatest common divisor of y and 4?
4
Suppose 9*l + 6 + 21 = 0. Let d(u) = -6*u**3 - 2*u**2 - 2*u - 2. Let h be d(l). Calculate the highest common divisor of h and 37.
37
Suppose 4*r - 5*o = 0, -r + 14 = 5*o - 11. Suppose 0 = -r*p + 4*p. Let d be (1 + p)/(12/312). What is the greatest common divisor of 13 and d?
13
Suppose 3*t - 11 = -5. Suppose -t*h = -327 - 217. What is the greatest common divisor of 17 and h?
17
Suppose -u = -2*s - 2882, 2*u + 2793 - 8571 = -3*s. Calculate the highest common divisor of 78 and u.
78
Suppose 102 = -3*c + 1407. Calculate the greatest common factor of c and 15.
15
Let l be ((-19)/(-38))/(1/48). Suppose 3*g + 2*g + 100 = 5*d, -d = -5*g - l. What is the highest common factor of 19 and d?
19
Let j = 71 - 41. Let w be (0 - 150/24)/(1/(-24)). What is the highest common factor of w and j?
30
Suppose -3*g + g = 5*r - 65, g + 4*r = 28. Suppose 5*f - 8 = 7*f. Let b be (-2)/(f/(-6)*-1) - -2. What is the greatest common divisor of g and b?
5
Let p be 3 + (1 + 21)/2. Suppose -p*r = -459 - 171. What is the greatest common factor of r and 60?
15
Suppose -5*i + 26*i - 1470 = 0. What is the greatest common divisor of i and 10?
10
Let t(u) = u**3 + u**2 - 19*u. Let f be t(-3). Calculate the greatest common factor of 1833 and f.
39
Let y = 1099 + -1090. Calculate the greatest common divisor of y and 747.
9
Suppose -20*j - 345 = -23*j + 3*g, 0 = 5*j + 3*g - 543. Let c be (74/(-3))/(6/(-9)). What is the greatest common divisor of c and j?
37
Let q = -2 - -3. Let i be (-9 - (-204)/20) + (-98)/(-10). What is the greatest common factor of q and i?
1
Let m = -41 + 74. Suppose 28*o - 25*o - m = 0. What is the greatest common factor of o and 44?
11
Let r(i) = -2*i - 16. Let c be r(-13). Suppose 33 = 2*y + y + 2*n, -2*y = -2*n - 32. Let j = 43 - y. What is the highest common factor of j and c?
10
Suppose 5*y + y = 756. Suppose -3*k = -10*k + y. What is the greatest common factor of 9 and k?
9
Let c(w) = 54*w**3 + w**2 - 2*w + 1. Let s be c(1). Let h = 1043 + -1007. Calculate the greatest common divisor of s and h.
18
Suppose -g + 5*g - 20 = 0. Suppose g = i - 6. Let d(x) = x**3 + 17*x**2 - 29*x - 77. Let z be d(-18). Calculate the highest common divisor of z and i.
11
Suppose 1459 = 134*f - 417 - 1608. Let u(q) = -q**3 + 7*q**2 - 4*q + 1. Let t be u(6). Calculate the highest common factor of t and f.
13
Let o(l) = -5*l**3 - 3*l**2 - l + 1. Let r be o(-1). Let i be r/18 + 520/90. Suppose -x = -i*x + 15. What is the greatest common divisor of 12 and x?
3
Suppose -26*n = 371 - 1359. What is the greatest com